 highest common divisor of v and 6.
2
Let i = 28 - 25. What is the highest common divisor of 3 and i?
3
Suppose 12*q = 8*q + 188. Calculate the highest common divisor of q and 517.
47
Let a be (-5)/(-35) - (-82)/14. Suppose -4*w = 2 + a, -4*i = 5*w - 170. Calculate the greatest common factor of 30 and i.
15
Let i be (-24)/(-1 - 2/4). Suppose k - i = -0*k. Suppose -5*s - 5*o = -100, 5*s - 87 - 37 = o. Calculate the highest common divisor of s and k.
8
Let o = -6 - -9. Suppose -g - o*g + 4 = 0. Calculate the greatest common factor of g and 3.
1
Suppose 6 = 2*c + 2*q, 4*c - 4*q + 2*q = -12. Let y be 2*(c + 3/2). Calculate the highest common factor of 3 and y.
1
Let v(n) = 8*n**3 - 2*n**2 + 1. Let k be v(1). Calculate the highest common factor of 91 and k.
7
Let l be 2 + -6 - 0 - -12. Calculate the greatest common factor of 1 and l.
1
Let y be 4/(-10) + 329/35. Calculate the greatest common factor of y and 99.
9
Let x(m) = m**2 + 4*m + 3. Let a be x(-3). Suppose -4*g = -a*g - 528. Let z = 24 + -12. Calculate the greatest common divisor of z and g.
12
Let u = 79 + -13. Suppose 1 = -y + 2*y, y + 79 = 5*t. Let w = t - 10. What is the highest common factor of u and w?
6
Let n(v) = -44*v**3 + 1. Let h be n(-1). Let d be (5 - 1)*1/2. Suppose -2*x + d*y = -68, 18 = x + 3*y - 0*y. Calculate the greatest common factor of h and x.
15
Let b(z) = 24*z**2 + 5*z - 4. Let o be b(4). What is the highest common divisor of o and 50?
50
Let k(u) = -u**2 - 4*u + 7. Let o be k(-5). Suppose o*c - 70 = -3*c. Calculate the highest common factor of 35 and c.
7
Let y be 6/(2 - (-303)/(-156)). What is the highest common factor of 26 and y?
26
Let u(x) = 20*x**2 - 3*x - 7. Let z(m) = -10*m**2 + m + 3. Let b(l) = -2*u(l) - 5*z(l). Let s be b(1). Calculate the highest common factor of 2 and s.
2
Let v(m) = -33*m + 24*m + 0 - 9*m**2 - m**3 + 1. Let s be v(-8). Calculate the greatest common factor of 9 and s.
9
Suppose t = -3*t + 64. Let j be (-6)/(-2) + (7 - 8). Calculate the highest common divisor of t and j.
2
Suppose -3*n = 1 - 52. Suppose -104 = 3*d - 461. Calculate the greatest common divisor of n and d.
17
Suppose 5*y = 4*y + 12. Calculate the highest common factor of 60 and y.
12
Let x be (-2)/(-2) + 11*4. Let c(p) = -p**2 + p + 2. Let k be c(2). Suppose b = -k*o + 3*o + 24, 2*b = -o + 34. Calculate the highest common divisor of x and b.
9
Let j be 10/(-2)*(-42)/70. Suppose -j*z + 5*i = -121, 0 = -z + 5*i + 11 + 46. What is the greatest common divisor of 8 and z?
8
Suppose 4*c = -x + 15 - 1, 2*c + x - 8 = 0. Suppose 4*q + 2*l = 214, 2*q + c*q - 5*l = 290. Calculate the greatest common divisor of q and 11.
11
Suppose -389 - 91 = -5*f. Calculate the greatest common factor of f and 12.
12
Let d(g) = -g**3 - 2*g**2 + 3*g - 2. Let m be d(-4). Calculate the greatest common divisor of 9 and m.
9
Let b = 17 - 14. What is the greatest common divisor of b and 9?
3
Suppose 17 + 79 = 3*a - 3*v, -4*a + 5*v = -130. Suppose -a*u + 25*u = -275. Calculate the greatest common divisor of 22 and u.
11
Let i = -41 - -48. Calculate the greatest common divisor of 21 and i.
7
Let k = -4 - -7. Suppose 0*j = 3*j + k*l - 18, -5*j = -4*l - 21. Suppose 0 = j*w - 0*w - 180. Calculate the highest common factor of 24 and w.
12
Let k be (-4 - -188) + 0 - -3. What is the highest common divisor of k and 17?
17
Let a(h) = 5 - 3 - 1 - 3 - 38*h. Let b be a(-1). What is the highest common divisor of 4 and b?
4
Let g = 5 - -2. What is the greatest common factor of 28 and g?
7
Let q(g) = -g**3 - 14*g**2 - 2*g - 20. Let w be q(-14). What is the greatest common factor of w and 20?
4
Suppose 0 = -10*s + 13*s - 495. Calculate the highest common factor of s and 66.
33
Suppose -2*o + 42 + 22 = 0. Suppose 0 = 5*w - 2*w. Suppose w*l + o = 2*l. What is the greatest common factor of l and 24?
8
Let d = -127 - -140. Calculate the greatest common factor of 143 and d.
13
Let x(k) = -13*k + 74. Let r be x(-6). Calculate the greatest common factor of r and 38.
38
Let f = -109 - -111. What is the greatest common divisor of 2 and f?
2
Let c(w) = -w**3 - 7*w**2 - w - 4. Let j be c(-7). Calculate the greatest common factor of j and 21.
3
Let x be (-284)/(-14) - 4/14. Suppose -x = -2*h + 28. Suppose 20*u = 14*u + 216. Calculate the highest common divisor of u and h.
12
Suppose -44 = -2*h + 34. Let u be (-786)/(-30) + (-2)/10. Calculate the highest common factor of h and u.
13
Suppose -2 = -q + 1. Suppose 0 = -5*v + q*v + 8. What is the highest common divisor of v and 6?
2
Let p(s) = s**2 - 9*s + 26. Let i be p(11). Calculate the greatest common factor of 16 and i.
16
Let d(v) = -v**2 - 5*v + 1. Let q be d(-5). Calculate the highest common factor of 2 and q.
1
Suppose 2*x = 4*l - 140, -x = 3*l + 2*x - 105. Let h be 1449/l + 3/5. Suppose b - 5 - 9 = 0. What is the greatest common factor of h and b?
14
Let i(y) = 28*y**2 + y. Let q be i(-1). Let p(h) = 2*h - 3. Let v be p(6). Calculate the highest common factor of v and q.
9
Suppose 0 = -0*i + 4*i. Suppose -2*b + 8 = -i*b. Suppose 91 = -b*s + 259. Calculate the greatest common divisor of 6 and s.
6
Let r(f) = -f + 23. Let k be r(10). Calculate the greatest common divisor of k and 39.
13
Let w(z) = -5*z + 11. Let x be w(2). What is the greatest common divisor of x and 8?
1
Suppose -p + 6*p + 7 = v, 4*p - 12 = 0. What is the greatest common factor of v and 198?
22
Suppose 2*m - 4*m = -42. What is the greatest common factor of 14 and m?
7
Suppose 3*i = -2*i + 40. Calculate the highest common divisor of i and 48.
8
Suppose 4*g - 10 = -5*a, 4*a - 2*g - 14 + 6 = 0. Let b = 13 + a. Suppose 0*l - 10 = -5*l, 5*l - 40 = -3*s. What is the greatest common divisor of s and b?
5
Let s = 34 - 7. Calculate the highest common divisor of s and 9.
9
Let h = 62 + -42. Calculate the highest common factor of 4 and h.
4
Let y = 11 - 8. Let r(k) = k. Let t be r(y). What is the highest common divisor of t and 6?
3
Let g(v) be the second derivative of v**5/20 - 11*v**4/12 + v**3/3 - 2*v**2 - 4*v. Let f be g(11). What is the greatest common divisor of 3 and f?
3
Suppose 0 = -h + 3 - 18. Let i = h - -1. Let q be (-3*1)/3 - i. Calculate the highest common divisor of 91 and q.
13
Let q = 13 - 9. Suppose -192 + 7 = -v - q*s, 5*s = 0. Calculate the greatest common factor of v and 74.
37
Let o = 31 + 104. What is the greatest common factor of 54 and o?
27
Let j(m) = -11*m**3 - m**2 - m - 1. Let c be j(-1). Suppose 3*x - 161 = 109. Calculate the highest common factor of c and x.
10
Let i = 84 + -36. Let z(d) = -4*d - 22. Let k be z(-7). Calculate the highest common factor of i and k.
6
Suppose 12*q = 17*q - 45. Let y be (-4)/2*27/(-6). Calculate the highest common factor of q and y.
9
Let s(a) = 2*a**2 - 5*a - 3. Let z be s(7). Suppose z = -y + 4*y + 4*t, -2*y + 17 = -5*t. What is the highest common factor of y and 144?
16
Let c be (4/3)/((-2)/(-12)). Let x(f) be the first derivative of 5*f**2/2 + 11*f + 3. Let r be x(c). What is the highest common factor of 17 and r?
17
Suppose -16 = -h - 0. Let r(y) = 2*y**2 + 3*y + 3. Let w be r(-7). Calculate the greatest common factor of h and w.
16
Let k = 10 + 1. Let l = k - 9. Suppose l*g - 8 = -2*g, -g = -4*d + 62. Calculate the highest common divisor of 40 and d.
8
Let b be ((-36)/(-8) - 0)/((-6)/(-8)). Let x(j) = -10*j**3 + j**2. Let o be x(-1). Let q = -5 + o. What is the highest common divisor of b and q?
6
Let v be 2*2*(-99)/(-12). Calculate the greatest common divisor of 11 and v.
11
Let q be 5/(-20) + 1/4. Let k be (33 - q)/(-2 + 3). Calculate the highest common divisor of k and 3.
3
Suppose 0 = -2*s - o + 136, 4*o + 118 = 3*s - 108. Calculate the highest common divisor of s and 10.
10
Let j be (-12)/(-4)*-3*-1. What is the greatest common factor of j and 9?
9
Let d(i) = -4*i + i - i - 3 + i**2. Let q be d(-3). Suppose -4*z - w = -35, 3*z - 10 - 12 = -5*w. What is the highest common divisor of q and z?
9
Let z be (-5)/(1/2*-2). Let i(w) = -w**3 + 5*w**2 + 2*w - 4. Let q be i(z). Let a be 18/(-5)*(-20)/q. Calculate the highest common divisor of a and 48.
12
Let f = -7 + 7. Suppose -g = 4*s - 31, -g + 0*g - s + 19 = f. What is the greatest common divisor of g and 6?
3
Let s = 84 - 66. Calculate the greatest common factor of s and 36.
18
Let b = -16 - -45. Let d = 1